{"id":18201,"date":"2018-09-02T19:25:17","date_gmt":"2018-09-02T17:25:17","guid":{"rendered":"https:\/\/www.alemape-tours.com\/?post_type=location&#038;p=18201"},"modified":"2025-08-11T15:59:42","modified_gmt":"2025-08-11T13:59:42","slug":"tacna","status":"publish","type":"location","link":"https:\/\/www.alemape-tours.com\/es\/location\/tacna\/","title":{"rendered":"Tacna"},"content":{"rendered":"<h1><span style=\"color: #1ca4b4;\"><span id=\"result_box\" class=\"\" lang=\"en\" tabindex=\"-1\"><strong>Tacna<\/strong> &#8211; <\/span>Costa, Valles, y Hero\u00edsmo<\/span><\/h1>\n<p><strong>Tacna<\/strong> se encuentra en el R\u00edo Caplina, a 56 kil\u00f3metros de Arica, tan lejos del mar y 1.295 km al sureste de la capital peruana, Lima y cerca de la frontera con Chile. La ciudad tiene una importancia estrat\u00e9gica debido a su ubicaci\u00f3n fronteriza.<\/p>\n<p>En el Paseo C\u00edvico est\u00e1 dise\u00f1ado por Gustave Eiffel, y en 1872 comenz\u00f3 la catedral. Tambi\u00e9n hay las estatuas de bronce de Almirante Miguel Grau Seminario y el Coronel Francisco Bolognesi. La ciudad tambi\u00e9n cuenta con un museo de historia, un museo del ferrocarril, de la Universidad Nacional Jorge Basadre y el circuito de carreras de coches permanente Aut\u00f3dromo Tacna.<\/p>\n<h2><span style=\"color: #1ca4b4;\">Historia<\/span><\/h2>\n<p>La ciudad fue fundada en 1572 por los conquistadores espa\u00f1oles.<\/p>\n<p>Tacna fue la capital de la Confederaci\u00f3n Boliviana de corta duraci\u00f3n peruana. Durante Salpeterkrieges una batalla entre Per\u00fa y Chile se llev\u00f3 a cabo por encima de la ciudad en el Campo de la Alianza por qu\u00e9 Tacna cay\u00f3 inicialmente el 20 de octubre 1883 Tratado de Anc\u00f3n a Chile. Condici\u00f3n, sin embargo, era que despu\u00e9s de diez a\u00f1os, un refer\u00e9ndum debe celebrarse. En 1929, el conflicto abierto en las dos ciudades de Tacna y Arica en el Tratado de Lima se aclar\u00f3 sobre la base de una sentencia arbitral del Presidente Calvin Coolidge en 1925a [2] Desde 1929 pertenece final de Tacna a Per\u00fa y Arica para Chile.<\/p>\n<p>En junio de 2001, Tacna y su regi\u00f3n se vio afectada por un terremoto.<\/p>\n<h2><span style=\"color: #1ca4b4;\">\u00bfC\u00f3mo llegar a Tacna?<\/span><\/h2>\n<h2><span style=\"color: #1ca4b4;\">En vuelo desde Lima<\/span><\/h2>\n<p><script src=\"\/\/tp.media\/content?promo_id=2811&#038;shmarker=222825&#038;campaign_id=100&#038;locale=es&#038;target_host=flights.alemape-tours.com%2Fflights&#038;origin=LIM&#038;destination=TCQ&#038;border_radius=20&#038;color_background=%23fff&#038;color_text=%23000&#038;min_lines=3&#038;color_border=%23000&#038;powered_by=false\" charset=\"utf-8\"><span style=\"display: inline-block; width: 0px; overflow: hidden; line-height: 0;\" data-mce-type=\"bookmark\" class=\"mce_SELRES_start\">\ufeff<\/span><\/script><\/p>\n<h2><span style=\"color: #1ca4b4;\">En bus<\/span><\/h2>\n<p>Para viajar por bus desde Lima a Tacna, existen algunas empresas de transporte con buses que salen a diario y en diversos horarios con destino a Tacna. El viaje por v\u00eda terrestre tarda en promedio 20 horas en bus, donde hay que recorrer 1,293 km, siguiendo el camino de la Carretera Panamericana Sur que es la que conecta a Lima con Tacna.<\/p>\n<h2><span style=\"color: #1ca4b4;\">En auto<\/span><\/h2>\n<p>Si cuentas con movilidad particular, podr\u00e1s seguir la por la Carretera Panamericana Sur para llegar de Lima a Tacna. Esta ruta es asfaltada, por lo que en auto recorrer\u00e1s 1,293 km en aproximadamente 18 horas.<\/p>\n<h2><span style=\"color: #1ca4b4;\">Sobre el medio ambiente<\/span><\/h2>\n<p>Una tierra de paisaje \u00fanico con desiertos y valles f\u00e9rtiles, entre la costa y las monta\u00f1as. Su historia se remonta a las pinturas rupestres de las Cuevas de Toquepala. Hoy, esta regi\u00f3n es testigo de eventos importantes como la Guerra del Pac\u00edfico. El mar a lo largo de sus playas es tranquilo, y tiene aguas termales y lagos en la parte baja de los Andes. Sus extensos vi\u00f1edos producen una gran cantidad de vino y pisco para la exportaci\u00f3n.<\/p>\n<p>Tacna es el orgullo de la naci\u00f3n.<\/p>\n<h2><span style=\"color: #1ca4b4;\">Lugares tur\u00edsticos<\/span><\/h2>\n<h2><span style=\"color: #1ca4b4;\">Catedral de Tacna<\/span><\/h2>\n<p><span style=\"color: #1ca4b4;\"><strong>Horario de atenci\u00f3n<\/strong>:<\/span> de lunes a domingo de 7 am a 12:30 pm y de 3 pm a 7 pm<br \/>\n<span style=\"color: #1ca4b4;\"><strong>Ubicaci\u00f3n<\/strong>:<\/span> enfrente del Paseo C\u00edvico.<\/p>\n<p>La construcci\u00f3n comenz\u00f3 en 1875 bajo la direcci\u00f3n de la compa\u00f1\u00eda francesa de Alejandro Gustav Eiffel. Un dise\u00f1o arquitect\u00f3nico en estilo neorrenacentista, donde se extra\u00eda piedra de las colinas de Intiorko y Arunta. El trabajo fue detenido por muchas razones, incluida la Guerra del Pac\u00edfico (1879) y la ocupaci\u00f3n chilena. Fue formalmente completado en 1954.<\/p>\n<h2><span style=\"color: #1ca4b4;\">Fuentes ornamentales<\/span><\/h2>\n<p><span style=\"color: #1ca4b4;\"><strong>Horario de atenci\u00f3n<\/strong>:<\/span> Durante el d\u00eda y la noche.<br \/>\n<span style=\"color: #1ca4b4;\"><strong>Ubicaci\u00f3n<\/strong>:<\/span> En Paseo C\u00edvico.<\/p>\n<p>Una escultura del franc\u00e9s Paul Lienhard, forjada en las fundiciones inglesas Simpson, de unos 6 metros de altura y provista de varias fuentes. El primer grupo de esculturas, construido sobre una base de granito, es de estilo cl\u00e1sico y representa las cuatro estaciones. El pozo principal, de 6 metros de di\u00e1metro, muestra las figuras de cuatro ni\u00f1os desnudos cogidos de la mano. Adquirido en 1869 por el gobierno de Don Jos\u00e9 Balta y entregado a la ciudad de Tacna.<\/p>\n<h2><span style=\"color: #1ca4b4;\">Casa de Zela (Casa Zela)<\/span><\/h2>\n<p><span style=\"color: #1ca4b4;\"><strong>Horario de atenci\u00f3n<\/strong>:<\/span> De lunes a s\u00e1bado, de 8 am a 12 am y de 1:30 pm a 6 pm. Dom, de 8 am\u00a0 a 1 pm<\/p>\n<p>Hogar de Francisco Antonio de Zela, el padre de la independencia peruana. Contiene una serie de documentos sobre la familia del antepasado y una galer\u00eda de fotos de la arquitectura de la casa, que a su vez cuenta la historia de la revoluci\u00f3n que Zela comenz\u00f3 en Tacna. El edificio fue designado Monumento Hist\u00f3rico Nacional en 1961.<\/p>\n<h2><span style=\"color: #1ca4b4;\">Teatro de la ciudad<\/span><\/h2>\n<p><span style=\"color: #1ca4b4;\"><strong>Horario de atenci\u00f3n<\/strong>:<\/span> Durante las actuaciones.<br \/>\n<span style=\"color: #1ca4b4;\"><strong>Ubicaci\u00f3n<\/strong>:<\/span> Pasaje Calder\u00f3n de la Barca s \/ n, frente a la peque\u00f1a plaza MacLean.<\/p>\n<p>Construido en 1870 por el ingeniero espa\u00f1ol Constantino Mart\u00ednez del Pino y abierto unos a\u00f1os m\u00e1s tarde por el presidente Jos\u00e9 Antonio de Pezet. El edificio de dos pisos tiene una fachada completamente con paredes de piedra. La sala principal alberga valiosas pinturas que representan a los ilustres habitantes de Tacna, incluidos el poeta Federico Barreto, el pintor Francisco Laso y el historiador Modesto Molina. En 1972, el teatro fue declarado monumento hist\u00f3rico y art\u00edstico.<\/p>\n<h2><span style=\"color: #1ca4b4;\">Arco Parab\u00f3lico (arco parab\u00f3lico)<\/span><\/h2>\n<p><span style=\"color: #1ca4b4;\"><strong>Horario de atenci\u00f3n<\/strong>:<\/span> Durante el d\u00eda y la noche.<br \/>\n<span style=\"color: #1ca4b4;\"><strong>Ubicaci\u00f3n<\/strong>:<\/span> El hotel est\u00e1 ubicado en el Paseo C\u00edvico.<\/p>\n<p>Construido en honor a los h\u00e9roes de la Guerra del Pac\u00edfico, incluido el almirante Miguel Gray y el coronel Francisco Bolognesi. Est\u00e1 hecho de ladrillo rosa y tiene 18 metros de altura. Fue inaugurado por el presidente Don Manuel Prado el 28 de agosto de 1959.<\/p>\n<h2><span style=\"color: #1ca4b4;\">Conjunto monumental Campo de la Alianza<\/span><\/h2>\n<p><span style=\"color: #1ca4b4;\"><strong>Horario de atenci\u00f3n<\/strong>:<\/span> de lunes a viernes de 8 am a 1pm y 5 pm a 6.30 pm<br \/>\n<span style=\"color: #1ca4b4;\"><strong>Ubicaci\u00f3n<\/strong>:<\/span> 8 km al norte de Tacna (10 minutos en auto).<\/p>\n<p>Construido en honor a los luchadores en la Alianza de la Batalla del Alto (Guerra de Chile, 26 de mayo de 1880). El Museo del sitio muestra las armas de la \u00e9poca, tales como pistolas y espadas, as\u00ed como uniformes, cartas, documentos y una representaci\u00f3n en miniatura de la batalla.<\/p>\n<h2><span style=\"color: #1ca4b4;\">Complejo Arqueol\u00f3gico de Miculla<\/span><\/h2>\n<p><span style=\"color: #1ca4b4;\"><strong>Horario de atenci\u00f3n<\/strong>:<\/span> Durante el d\u00eda.<br \/>\n<span style=\"color: #1ca4b4;\"><strong>Ubicaci\u00f3n<\/strong>:<\/span> 22 km al noreste de Tacna (30 minutos en auto).<\/p>\n<p>Rodeado por un impresionante paisaje des\u00e9rtico con peque\u00f1as colinas, todo custodiado por las colinas de Wawapa y Miculla (1.200 m, 20 km2). Los investigadores creen que se basan en la Civilizaci\u00f3n de Tiahuanaco (500 DC) y 1100-1445 DC. Se mueve hacia atr\u00e1s. Los elementos decorativos fueron hechos con p\u00e1tina roja sobre calcio o s\u00edlice. Las escenas incluyen dibujos de personas que cazan, la danza y lucha, as\u00ed como los animales como el ciervo Norandino, pumas, suris (una raza de alpaca), serpientes, lagartos y zorros, plantas y frutas locales. Tambi\u00e9n hay constelaciones e im\u00e1genes que a\u00fan deben definirse. Cerca de los animales t\u00edpicos de la regi\u00f3n se pueden ver: zorros, lagartos, serpientes, \u00e1guilas y aves, as\u00ed como ejemplos de la flora local: el \u00e1rbol de la pimienta peruana, Jaros, Chilcas, lomos y cactus.<\/p>\n<h2><span style=\"color: #1ca4b4;\">M\u00e1s lugares tur\u00edsticos y actividades<\/span><\/h2>\n<ul>\n<li>Paseo C\u00edvico de Tacna<\/li>\n<li>Casa de la Jur\u00eddica de Tacna<\/li>\n<li>Museo Hist\u00f3rico Regional de Tacna<\/li>\n<li>Museo Ferroviario<\/li>\n<li>Mercado Central \u2013 Cercado de Tacna<\/li>\n<\/ul>\n","protected":false},"author":1,"featured_media":22519,"parent":0,"menu_order":0,"template":"","class_list":["post-18201","location","type-location","status-publish","has-post-thumbnail","hentry","location_tag-tacna-es"],"_links":{"self":[{"href":"https:\/\/www.alemape-tours.com\/es\/wp-json\/wp\/v2\/location\/18201","targetHints":{"allow":["GET"]}}],"collection":[{"href":"https:\/\/www.alemape-tours.com\/es\/wp-json\/wp\/v2\/location"}],"about":[{"href":"https:\/\/www.alemape-tours.com\/es\/wp-json\/wp\/v2\/types\/location"}],"author":[{"embeddable":true,"href":"https:\/\/www.alemape-tours.com\/es\/wp-json\/wp\/v2\/users\/1"}],"wp:featuredmedia":[{"embeddable":true,"href":"https:\/\/www.alemape-tours.com\/es\/wp-json\/wp\/v2\/media\/22519"}],"wp:attachment":[{"href":"https:\/\/www.alemape-tours.com\/es\/wp-json\/wp\/v2\/media?parent=18201"}],"curies":[{"name":"wp","href":"https:\/\/api.w.org\/{rel}","templated":true}]}}

<h1><span style="color: #1ca4b4;"><span id="result_box" class="" lang="en" tabindex="-1"><strong>Tacna</strong> &#8211; </span>Costa, Valles, y Heroísmo</span></h1>
<p><strong>Tacna</strong> se encuentra en el Río Caplina, a 56 kilómetros de Arica, tan lejos del mar y 1.295 km al sureste de la capital peruana, Lima y cerca de la frontera con Chile. La ciudad tiene una importancia estratégica debido a su ubicación fronteriza.</p>
<p>En el Paseo Cívico está diseñado por Gustave Eiffel, y en 1872 comenzó la catedral. También hay las estatuas de bronce de Almirante Miguel Grau Seminario y el Coronel Francisco Bolognesi. La ciudad también cuenta con un museo de historia, un museo del ferrocarril, de la Universidad Nacional Jorge Basadre y el circuito de carreras de coches permanente Autódromo Tacna.</p>
<h2><span style="color: #1ca4b4;">Historia</span></h2>
<p>La ciudad fue fundada en 1572 por los conquistadores españoles.</p>
<p>Tacna fue la capital de la Confederación Boliviana de corta duración peruana. Durante Salpeterkrieges una batalla entre Perú y Chile se llevó a cabo por encima de la ciudad en el Campo de la Alianza por qué Tacna cayó inicialmente el 20 de octubre 1883 Tratado de Ancón a Chile. Condición, sin embargo, era que después de diez años, un referéndum debe celebrarse. En 1929, el conflicto abierto en las dos ciudades de Tacna y Arica en el Tratado de Lima se aclaró sobre la base de una sentencia arbitral del Presidente Calvin Coolidge en 1925a [2] Desde 1929 pertenece final de Tacna a Perú y Arica para Chile.</p>
<p>En junio de 2001, Tacna y su región se vio afectada por un terremoto.</p>
<h2><span style="color: #1ca4b4;">¿Cómo llegar a Tacna?</span></h2>
<h2><span style="color: #1ca4b4;">En vuelo desde Lima</span></h2>
<p><script src="//tp.media/content?promo_id=2811&#038;shmarker=222825&#038;campaign_id=100&#038;locale=es&#038;target_host=flights.alemape-tours.com%2Fflights&#038;origin=LIM&#038;destination=TCQ&#038;border_radius=20&#038;color_background=%23fff&#038;color_text=%23000&#038;min_lines=3&#038;color_border=%23000&#038;powered_by=false" charset="utf-8"><span style="display: inline-block; width: 0px; overflow: hidden; line-height: 0;" data-mce-type="bookmark" class="mce_SELRES_start">﻿</span></script></p>
<h2><span style="color: #1ca4b4;">En bus</span></h2>
<p>Para viajar por bus desde Lima a Tacna, existen algunas empresas de transporte con buses que salen a diario y en diversos horarios con destino a Tacna. El viaje por vía terrestre tarda en promedio 20 horas en bus, donde hay que recorrer 1,293 km, siguiendo el camino de la Carretera Panamericana Sur que es la que conecta a Lima con Tacna.</p>
<h2><span style="color: #1ca4b4;">En auto</span></h2>
<p>Si cuentas con movilidad particular, podrás seguir la por la Carretera Panamericana Sur para llegar de Lima a Tacna. Esta ruta es asfaltada, por lo que en auto recorrerás 1,293 km en aproximadamente 18 horas.</p>
<h2><span style="color: #1ca4b4;">Sobre el medio ambiente</span></h2>
<p>Una tierra de paisaje único con desiertos y valles fértiles, entre la costa y las montañas. Su historia se remonta a las pinturas rupestres de las Cuevas de Toquepala. Hoy, esta región es testigo de eventos importantes como la Guerra del Pacífico. El mar a lo largo de sus playas es tranquilo, y tiene aguas termales y lagos en la parte baja de los Andes. Sus extensos viñedos producen una gran cantidad de vino y pisco para la exportación.</p>
<p>Tacna es el orgullo de la nación.</p>
<h2><span style="color: #1ca4b4;">Lugares turísticos</span></h2>
<h2><span style="color: #1ca4b4;">Catedral de Tacna</span></h2>
<p><span style="color: #1ca4b4;"><strong>Horario de atención</strong>:</span> de lunes a domingo de 7 am a 12:30 pm y de 3 pm a 7 pm<br />
<span style="color: #1ca4b4;"><strong>Ubicación</strong>:</span> enfrente del Paseo Cívico.</p>
<p>La construcción comenzó en 1875 bajo la dirección de la compañía francesa de Alejandro Gustav Eiffel. Un diseño arquitectónico en estilo neorrenacentista, donde se extraía piedra de las colinas de Intiorko y Arunta. El trabajo fue detenido por muchas razones, incluida la Guerra del Pacífico (1879) y la ocupación chilena. Fue formalmente completado en 1954.</p>
<h2><span style="color: #1ca4b4;">Fuentes ornamentales</span></h2>
<p><span style="color: #1ca4b4;"><strong>Horario de atención</strong>:</span> Durante el día y la noche.<br />
<span style="color: #1ca4b4;"><strong>Ubicación</strong>:</span> En Paseo Cívico.</p>
<p>Una escultura del francés Paul Lienhard, forjada en las fundiciones inglesas Simpson, de unos 6 metros de altura y provista de varias fuentes. El primer grupo de esculturas, construido sobre una base de granito, es de estilo clásico y representa las cuatro estaciones. El pozo principal, de 6 metros de diámetro, muestra las figuras de cuatro niños desnudos cogidos de la mano. Adquirido en 1869 por el gobierno de Don José Balta y entregado a la ciudad de Tacna.</p>
<h2><span style="color: #1ca4b4;">Casa de Zela (Casa Zela)</span></h2>
<p><span style="color: #1ca4b4;"><strong>Horario de atención</strong>:</span> De lunes a sábado, de 8 am a 12 am y de 1:30 pm a 6 pm. Dom, de 8 am  a 1 pm</p>
<p>Hogar de Francisco Antonio de Zela, el padre de la independencia peruana. Contiene una serie de documentos sobre la familia del antepasado y una galería de fotos de la arquitectura de la casa, que a su vez cuenta la historia de la revolución que Zela comenzó en Tacna. El edificio fue designado Monumento Histórico Nacional en 1961.</p>
<h2><span style="color: #1ca4b4;">Teatro de la ciudad</span></h2>
<p><span style="color: #1ca4b4;"><strong>Horario de atención</strong>:</span> Durante las actuaciones.<br />
<span style="color: #1ca4b4;"><strong>Ubicación</strong>:</span> Pasaje Calderón de la Barca s / n, frente a la pequeña plaza MacLean.</p>
<p>Construido en 1870 por el ingeniero español Constantino Martínez del Pino y abierto unos años más tarde por el presidente José Antonio de Pezet. El edificio de dos pisos tiene una fachada completamente con paredes de piedra. La sala principal alberga valiosas pinturas que representan a los ilustres habitantes de Tacna, incluidos el poeta Federico Barreto, el pintor Francisco Laso y el historiador Modesto Molina. En 1972, el teatro fue declarado monumento histórico y artístico.</p>
<h2><span style="color: #1ca4b4;">Arco Parabólico (arco parabólico)</span></h2>
<p><span style="color: #1ca4b4;"><strong>Horario de atención</strong>:</span> Durante el día y la noche.<br />
<span style="color: #1ca4b4;"><strong>Ubicación</strong>:</span> El hotel está ubicado en el Paseo Cívico.</p>
<p>Construido en honor a los héroes de la Guerra del Pacífico, incluido el almirante Miguel Gray y el coronel Francisco Bolognesi. Está hecho de ladrillo rosa y tiene 18 metros de altura. Fue inaugurado por el presidente Don Manuel Prado el 28 de agosto de 1959.</p>
<h2><span style="color: #1ca4b4;">Conjunto monumental Campo de la Alianza</span></h2>
<p><span style="color: #1ca4b4;"><strong>Horario de atención</strong>:</span> de lunes a viernes de 8 am a 1pm y 5 pm a 6.30 pm<br />
<span style="color: #1ca4b4;"><strong>Ubicación</strong>:</span> 8 km al norte de Tacna (10 minutos en auto).</p>
<p>Construido en honor a los luchadores en la Alianza de la Batalla del Alto (Guerra de Chile, 26 de mayo de 1880). El Museo del sitio muestra las armas de la época, tales como pistolas y espadas, así como uniformes, cartas, documentos y una representación en miniatura de la batalla.</p>
<h2><span style="color: #1ca4b4;">Complejo Arqueológico de Miculla</span></h2>
<p><span style="color: #1ca4b4;"><strong>Horario de atención</strong>:</span> Durante el día.<br />
<span style="color: #1ca4b4;"><strong>Ubicación</strong>:</span> 22 km al noreste de Tacna (30 minutos en auto).</p>
<p>Rodeado por un impresionante paisaje desértico con pequeñas colinas, todo custodiado por las colinas de Wawapa y Miculla (1.200 m, 20 km2). Los investigadores creen que se basan en la Civilización de Tiahuanaco (500 DC) y 1100-1445 DC. Se mueve hacia atrás. Los elementos decorativos fueron hechos con pátina roja sobre calcio o sílice. Las escenas incluyen dibujos de personas que cazan, la danza y lucha, así como los animales como el ciervo Norandino, pumas, suris (una raza de alpaca), serpientes, lagartos y zorros, plantas y frutas locales. También hay constelaciones e imágenes que aún deben definirse. Cerca de los animales típicos de la región se pueden ver: zorros, lagartos, serpientes, águilas y aves, así como ejemplos de la flora local: el árbol de la pimienta peruana, Jaros, Chilcas, lomos y cactus.</p>
<h2><span style="color: #1ca4b4;">Más lugares turísticos y actividades</span></h2>
<ul>
<li>Paseo Cívico de Tacna</li>
<li>Casa de la Jurídica de Tacna</li>
<li>Museo Histórico Regional de Tacna</li>
<li>Museo Ferroviario</li>
<li>Mercado Central – Cercado de Tacna</li>
</ul>
